{"id":857,"date":"2013-05-13T08:47:36","date_gmt":"2013-05-13T06:47:36","guid":{"rendered":"http:\/\/www.mehok.uni-miskolc.hu\/btkhok\/?page_id=857"},"modified":"2015-12-01T09:58:01","modified_gmt":"2015-12-01T07:58:01","slug":"dokumentumok","status":"publish","type":"page","link":"http:\/\/www.mehok.uni-miskolc.hu\/btkhok\/?page_id=857","title":{"rendered":"Dokumentumok"},"content":{"rendered":"<h2 style=\"text-align: center;\"><a href=\"http:\/\/www.mehok.uni-miskolc.hu\/btkhok\/wp-content\/uploads\/2013\/05\/ME-HKR.pdf\">A Miskolci Egyetem Hallgat\u00f3i K\u00f6vetelm\u00e9nyrendszere<\/a><\/h2>\n<p>&nbsp;<\/p>\n<h2 style=\"text-align: center;\"><a href=\"http:\/\/www.mehok.uni-miskolc.hu\/btkhok\/wp-content\/uploads\/2013\/05\/dok2A-B\u00f6lcs\u00e9szettudom\u00e1nyi-Kar-Hallgat\u00f3i-K\u00f6vetelm\u00e9nyrendszere.pdf\">A B\u00f6lcs\u00e9szettudom\u00e1nyi Kar Hallgat\u00f3i K\u00f6vetelm\u00e9nyrendszere<\/a><\/h2>\n<p>&nbsp;<\/p>\n<h2 style=\"text-align: center;\"><a href=\"http:\/\/www.mehok.uni-miskolc.hu\/btkhok\/wp-content\/uploads\/2013\/05\/BTK-H\u00d6K-Alapszab\u00e1ly1.pdf\">A B\u00f6lcs\u00e9szettudom\u00e1nyi Kar Hallgat\u00f3i \u00d6nkorm\u00e1nyzat\u00e1nak Alapszab\u00e1lya<\/a><\/h2>\n","protected":false},"excerpt":{"rendered":"<p>A Miskolci Egyetem Hallgat\u00f3i K\u00f6vetelm\u00e9nyrendszere &nbsp; A B\u00f6lcs\u00e9szettudom\u00e1nyi Kar Hallgat\u00f3i K\u00f6vetelm\u00e9nyrendszere &nbsp; A B\u00f6lcs\u00e9szettudom\u00e1nyi Kar Hallgat\u00f3i \u00d6nkorm\u00e1nyzat\u00e1nak Alapszab\u00e1lya<\/p>\n","protected":false},"author":1,"featured_media":0,"parent":0,"menu_order":5,"comment_status":"open","ping_status":"closed","template":"","meta":[],"_links":{"self":[{"href":"http:\/\/www.mehok.uni-miskolc.hu\/btkhok\/index.php?rest_route=\/wp\/v2\/pages\/857"}],"collection":[{"href":"http:\/\/www.mehok.uni-miskolc.hu\/btkhok\/index.php?rest_route=\/wp\/v2\/pages"}],"about":[{"href":"http:\/\/www.mehok.uni-miskolc.hu\/btkhok\/index.php?rest_route=\/wp\/v2\/types\/page"}],"author":[{"embeddable":true,"href":"http:\/\/www.mehok.uni-miskolc.hu\/btkhok\/index.php?rest_route=\/wp\/v2\/users\/1"}],"replies":[{"embeddable":true,"href":"http:\/\/www.mehok.uni-miskolc.hu\/btkhok\/index.php?rest_route=%2Fwp%2Fv2%2Fcomments&post=857"}],"version-history":[{"count":16,"href":"http:\/\/www.mehok.uni-miskolc.hu\/btkhok\/index.php?rest_route=\/wp\/v2\/pages\/857\/revisions"}],"predecessor-version":[{"id":1665,"href":"http:\/\/www.mehok.uni-miskolc.hu\/btkhok\/index.php?rest_route=\/wp\/v2\/pages\/857\/revisions\/1665"}],"wp:attachment":[{"href":"http:\/\/www.mehok.uni-miskolc.hu\/btkhok\/index.php?rest_route=%2Fwp%2Fv2%2Fmedia&parent=857"}],"curies":[{"name":"wp","href":"https:\/\/api.w.org\/{rel}","templated":true}]}}